{"id":485,"date":"2025-06-25T14:30:10","date_gmt":"2025-06-25T14:30:10","guid":{"rendered":"https:\/\/copeticket.com\/?page_id=485"},"modified":"2025-06-25T14:58:18","modified_gmt":"2025-06-25T14:58:18","slug":"barrierefreiheitserklarung","status":"publish","type":"page","link":"https:\/\/copeticket.com\/?page_id=485","title":{"rendered":"Barrierefreiheitserkl\u00e4rung"},"content":{"rendered":"<p>[et_pb_section fb_built=&#8221;1&#8243; theme_builder_area=&#8221;post_content&#8221; _builder_version=&#8221;4.27.4&#8243; _module_preset=&#8221;default&#8221;][et_pb_row _builder_version=&#8221;4.27.4&#8243; _module_preset=&#8221;default&#8221; theme_builder_area=&#8221;post_content&#8221;][et_pb_column _builder_version=&#8221;4.27.4&#8243; _module_preset=&#8221;default&#8221; type=&#8221;4_4&#8243; theme_builder_area=&#8221;post_content&#8221;][et_pb_heading title=&#8221;Barrierefreiheitserkl\u00e4rung&#8221; _builder_version=&#8221;4.27.4&#8243; _module_preset=&#8221;default&#8221; theme_builder_area=&#8221;post_content&#8221; title_text_align=&#8221;center&#8221; hover_enabled=&#8221;0&#8243; sticky_enabled=&#8221;0&#8243; title_font_size=&#8221;48px&#8221; title_font=&#8221;|700|||||||&#8221;][\/et_pb_heading][\/et_pb_column][\/et_pb_row][\/et_pb_section][et_pb_section fb_built=&#8221;1&#8243; theme_builder_area=&#8221;post_content&#8221; _builder_version=&#8221;4.27.4&#8243; _module_preset=&#8221;default&#8221;][et_pb_row _builder_version=&#8221;4.27.4&#8243; _module_preset=&#8221;default&#8221; theme_builder_area=&#8221;post_content&#8221;][et_pb_column _builder_version=&#8221;4.27.4&#8243; _module_preset=&#8221;default&#8221; type=&#8221;4_4&#8243; theme_builder_area=&#8221;post_content&#8221;][et_pb_text _builder_version=&#8221;4.27.4&#8243; _module_preset=&#8221;default&#8221; theme_builder_area=&#8221;post_content&#8221; hover_enabled=&#8221;0&#8243; sticky_enabled=&#8221;0&#8243;]<strong>1. Einleitung<\/strong><\/p>\n<p>Die Copecart GmbH ist bestrebt, ihre digitalen Angebote f\u00fcr alle Nutzerinnen und Nutzer, einschlie\u00dflich Menschen mit Behinderungen, zug\u00e4nglich zu gestalten. Wir arbeiten kontinuierlich daran, die Zug\u00e4nglichkeit unserer Website gem\u00e4\u00df den nationalen und internationalen Richtlinien zu verbessern. Diese Erkl\u00e4rung beschreibt den aktuellen Stand der Barrierefreiheit auf www.copecart.com und welche Ma\u00dfnahmen wir ergreifen, um diese zu gew\u00e4hrleisten.<\/p>\n<p><strong>2. Stand der Vereinbarkeit mit den Anforderungen<\/strong><\/p>\n<p>Diese Website ist teilweise barrierefrei. Sie entspricht teilweise der BITV 2.0 (Barrierefreie-Informationstechnik-Verordnung) und der Web Content Accessibility Guidelines (WCAG) 2.1 auf Konformit\u00e4tsstufe F. Ziel ist es, die Konformit\u00e4tsstufe AAA zu erreichen.<\/p>\n<p>Wir sind uns bewusst, dass noch nicht alle Bereiche unserer Website vollst\u00e4ndig barrierefrei sind. Wir arbeiten aktiv daran, die noch bestehenden Barrieren zu beseitigen und die Zug\u00e4nglichkeit kontinuierlich zu verbessern.<\/p>\n<p><strong>3. Nicht barrierefreie Inhalte und Begr\u00fcndung<\/strong><\/p>\n<p>Die folgenden Inhalte sind derzeit noch nicht vollst\u00e4ndig barrierefrei und wir arbeiten an deren Behebung:<\/p>\n<p style=\"padding-left: 40px;\">\u00b7 Einige unserer Produktbeschreibungen oder AGB, die vor dem 01.05.2025 erstellt wurden, sind m\u00f6glicherweise nicht vollst\u00e4ndig im Hinblick auf Struktur und Lesereihenfolge optimiert.<\/p>\n<p style=\"padding-left: 80px;\">o Begr\u00fcndung: Die manuelle Nachbearbeitung der gro\u00dfen Anzahl an Bestandsdokumenten erfordert einen hohen Aufwand.<\/p>\n<p style=\"padding-left: 80px;\">o Geplante Ma\u00dfnahme: Wir werden nach und nach alle relevanten Dokumente \u00fcberarbeiten und im barrierefreien Format neu bereitstellen. Neue Dokumente werden grunds\u00e4tzlich barrierefrei erstellt.<\/p>\n<p style=\"padding-left: 40px;\">\u00b7 z.B. Videos ohne vollst\u00e4ndige Untertitel oder Audiodeskription: Einige unserer Marketing- oder Erkl\u00e4rvideos verf\u00fcgen m\u00f6glicherweise noch nicht \u00fcber vollst\u00e4ndige Untertitel oder Audiodeskriptionen.<\/p>\n<p style=\"padding-left: 80px;\">o Begr\u00fcndung: Die Erstellung von qualitativ hochwertigen Untertiteln und Audiodeskriptionen ist zeitaufwendig.<\/p>\n<p style=\"padding-left: 80px;\">o Geplante Ma\u00dfnahme: Wir werden bestehende Videos sukzessive mit Untertiteln und Audiodeskriptionen nachr\u00fcsten. Bei der Erstellung neuer Videos wird die Barrierefreiheit von Beginn an ber\u00fccksichtigt.<\/p>\n<p style=\"padding-left: 40px;\">\u00b7 z.B. Bestimmte interaktive Elemente oder Formulare: Einige komplexere Filter- oder Suchfunktionen bzw. bestimmte Formularfelder sind m\u00f6glicherweise noch nicht optimal f\u00fcr Screenreader oder Tastaturnavigation.<\/p>\n<p style=\"padding-left: 80px;\">o Begr\u00fcndung: Die Komplexit\u00e4t dieser Elemente erfordert eine detaillierte technische Anpassung.<\/p>\n<p style=\"padding-left: 80px;\">o Geplante Ma\u00dfnahme: Wir arbeiten daran, die Zug\u00e4nglichkeit dieser Elemente zu optimieren und stellen sicher, dass alle Funktionen auch per Tastatur bedienbar sind und von Screenreadern korrekt erfasst werden.<\/p>\n<p><strong>4. Erstellung dieser Barrierefreiheitserkl\u00e4rung<\/strong><\/p>\n<p>Diese Erkl\u00e4rung wurde am 13. Juni 2025 erstellt.<\/p>\n<p>Die Erkl\u00e4rung basiert auf einer Selbstbewertung und externen Pr\u00fcfung unserer Website durch die Firma Williams-Connect sowie regelm\u00e4\u00dfigen internen \u00dcberpr\u00fcfungen.<\/p>\n<p><strong>5. Feedback und Kontakt<\/strong><\/p>\n<p>Haben Sie Fragen zur Barrierefreiheit unserer Website oder sind Ihnen Barrieren aufgefallen? Bitte z\u00f6gern Sie nicht, uns zu kontaktieren. Wir freuen uns \u00fcber Ihr Feedback, um unsere Angebote weiter zu verbessern.<\/p>\n<p>Sie k\u00f6nnen uns auf folgende Weise erreichen: \u00b7 E-Mail: barrierefreiheit@williams-connect.eu \u00b7 Telefon: +49 30 2555 9259<\/p>\n<p style=\"padding-left: 40px;\">\u00b7 Post: CopeCart GmbH, Rosenstr. 2, 10178 Berlin<\/p>\n<p><strong>6. Durchsetzungsverfahren<\/strong><\/p>\n<p>Sollten Sie der Ansicht sein, dass die Beantwortung Ihres Feedbacks durch uns nicht zufriedenstellend ist, k\u00f6nnen Sie sich an die Beschwerdestelle f\u00fcr digitale Barrierefreiheit des Landes Berlin wenden.<\/p>\n<p style=\"padding-left: 40px;\">\u00b7 Landesbeauftragte f\u00fcr digitale Barrierefreiheit Senatsverwaltung f\u00fcr Inneres und Sport Abteilung IV &#8211; Kommunikation und Digitalisierung Klosterstra\u00dfe 47 10179 Berlin<\/p>\n<p style=\"padding-left: 40px;\">\u00b7 Telefon: 49 (0)30 90223 2000<\/p>\n<p style=\"padding-left: 40px;\">\u00b7 E-Mail: <a href=\"mailto:poststelle@seninnsport.berlin.de\">poststelle@seninnsport.berlin.de <\/a><\/p>\n<p>Weitere Informationen finden Sie unter: <a href=\"https:\/\/www.berlin.de\/moderne-verwaltung\/barrierefreiheit\/informationen-fuer-menschen-mit-behinderung\/beschwerdestelle\/\">der Webseite der Berliner Beschwerdestelle f\u00fcr digitale Barrierefreiheit<\/a>.<\/p>\n<p><strong>7. Weiterf\u00fchrende Informationen<\/strong><\/p>\n<p style=\"padding-left: 40px;\">\u00b7 Barrierefreie-Informationstechnik-Verordnung (BITV 2.0):<br \/>\n<a href=\"https:\/\/www.gesetze-im-internet.de\/bitv_2_0\/BJNR184300011.html\">https:\/\/www.gesetze-im-internet.de\/bitv_2_0\/BJNR184300011.html<\/a><\/p>\n<p style=\"padding-left: 40px;\">\u00b7 Web Content Accessibility Guidelines (WCAG 2.1):<br \/>\n<a href=\"https:\/\/www.w3.org\/WAI\/WCAG21\/Understanding\/\">https:\/\/www.w3.org\/WAI\/WCAG21\/Understanding\/<\/a><\/p>\n<p style=\"padding-left: 40px;\">\u00b7 Behindertengleichstellungsgesetz (BGG BE) Berlin:<br \/>\n<a href=\"https:\/\/www.gesetze-im-internet.de\/bgg\/\">https:\/\/www.gesetze-im-internet.de\/bgg\/<\/a><\/p>\n<p>&nbsp;<\/p>\n<p>Zuletzt ge\u00e4ndert am 13.06.2025 durch Williams-Connect[\/et_pb_text][\/et_pb_column][\/et_pb_row][\/et_pb_section]<\/p>\n","protected":false},"excerpt":{"rendered":"<p>1. Einleitung Die Copecart GmbH ist bestrebt, ihre digitalen Angebote f\u00fcr alle Nutzerinnen und Nutzer, einschlie\u00dflich Menschen mit Behinderungen, zug\u00e4nglich zu gestalten. Wir arbeiten kontinuierlich daran, die Zug\u00e4nglichkeit unserer Website gem\u00e4\u00df den nationalen und internationalen Richtlinien zu verbessern. Diese Erkl\u00e4rung beschreibt den aktuellen Stand der Barrierefreiheit auf www.copecart.com und welche Ma\u00dfnahmen wir ergreifen, um diese [&hellip;]<\/p>\n","protected":false},"author":1,"featured_media":0,"parent":0,"menu_order":0,"comment_status":"closed","ping_status":"closed","template":"page-template-blank.php","meta":{"_et_pb_use_builder":"on","_et_pb_old_content":"","_et_gb_content_width":"","footnotes":""},"class_list":["post-485","page","type-page","status-publish","hentry"],"yoast_head":"<!-- This site is optimized with the Yoast SEO plugin v27.0 - https:\/\/yoast.com\/product\/yoast-seo-wordpress\/ -->\n<title>Barrierefreiheitserkl\u00e4rung - CopeTicket<\/title>\n<meta name=\"robots\" content=\"index, follow, max-snippet:-1, max-image-preview:large, max-video-preview:-1\" \/>\n<link rel=\"canonical\" href=\"https:\/\/copeticket.com\/?page_id=485\" \/>\n<meta property=\"og:locale\" content=\"en_US\" \/>\n<meta property=\"og:type\" content=\"article\" \/>\n<meta property=\"og:title\" content=\"Barrierefreiheitserkl\u00e4rung - CopeTicket\" \/>\n<meta property=\"og:description\" content=\"1. Einleitung Die Copecart GmbH ist bestrebt, ihre digitalen Angebote f\u00fcr alle Nutzerinnen und Nutzer, einschlie\u00dflich Menschen mit Behinderungen, zug\u00e4nglich zu gestalten. Wir arbeiten kontinuierlich daran, die Zug\u00e4nglichkeit unserer Website gem\u00e4\u00df den nationalen und internationalen Richtlinien zu verbessern. Diese Erkl\u00e4rung beschreibt den aktuellen Stand der Barrierefreiheit auf www.copecart.com und welche Ma\u00dfnahmen wir ergreifen, um diese [&hellip;]\" \/>\n<meta property=\"og:url\" content=\"https:\/\/copeticket.com\/?page_id=485\" \/>\n<meta property=\"og:site_name\" content=\"CopeTicket\" \/>\n<meta property=\"article:modified_time\" content=\"2025-06-25T14:58:18+00:00\" \/>\n<meta name=\"twitter:card\" content=\"summary_large_image\" \/>\n<script type=\"application\/ld+json\" class=\"yoast-schema-graph\">{\"@context\":\"https:\/\/schema.org\",\"@graph\":[{\"@type\":\"WebPage\",\"@id\":\"https:\/\/copeticket.com\/?page_id=485\",\"url\":\"https:\/\/copeticket.com\/?page_id=485\",\"name\":\"Barrierefreiheitserkl\u00e4rung - CopeTicket\",\"isPartOf\":{\"@id\":\"https:\/\/copeticket.com\/#website\"},\"datePublished\":\"2025-06-25T14:30:10+00:00\",\"dateModified\":\"2025-06-25T14:58:18+00:00\",\"breadcrumb\":{\"@id\":\"https:\/\/copeticket.com\/?page_id=485#breadcrumb\"},\"inLanguage\":\"en-US\",\"potentialAction\":[{\"@type\":\"ReadAction\",\"target\":[\"https:\/\/copeticket.com\/?page_id=485\"]}]},{\"@type\":\"BreadcrumbList\",\"@id\":\"https:\/\/copeticket.com\/?page_id=485#breadcrumb\",\"itemListElement\":[{\"@type\":\"ListItem\",\"position\":1,\"name\":\"Home\",\"item\":\"https:\/\/copeticket.com\/\"},{\"@type\":\"ListItem\",\"position\":2,\"name\":\"Barrierefreiheitserkl\u00e4rung\"}]},{\"@type\":\"WebSite\",\"@id\":\"https:\/\/copeticket.com\/#website\",\"url\":\"https:\/\/copeticket.com\/\",\"name\":\"CopeTicket\",\"description\":\"\",\"potentialAction\":[{\"@type\":\"SearchAction\",\"target\":{\"@type\":\"EntryPoint\",\"urlTemplate\":\"https:\/\/copeticket.com\/?s={search_term_string}\"},\"query-input\":{\"@type\":\"PropertyValueSpecification\",\"valueRequired\":true,\"valueName\":\"search_term_string\"}}],\"inLanguage\":\"en-US\"}]}<\/script>\n<!-- \/ Yoast SEO plugin. -->","yoast_head_json":{"title":"Barrierefreiheitserkl\u00e4rung - CopeTicket","robots":{"index":"index","follow":"follow","max-snippet":"max-snippet:-1","max-image-preview":"max-image-preview:large","max-video-preview":"max-video-preview:-1"},"canonical":"https:\/\/copeticket.com\/?page_id=485","og_locale":"en_US","og_type":"article","og_title":"Barrierefreiheitserkl\u00e4rung - CopeTicket","og_description":"1. Einleitung Die Copecart GmbH ist bestrebt, ihre digitalen Angebote f\u00fcr alle Nutzerinnen und Nutzer, einschlie\u00dflich Menschen mit Behinderungen, zug\u00e4nglich zu gestalten. Wir arbeiten kontinuierlich daran, die Zug\u00e4nglichkeit unserer Website gem\u00e4\u00df den nationalen und internationalen Richtlinien zu verbessern. Diese Erkl\u00e4rung beschreibt den aktuellen Stand der Barrierefreiheit auf www.copecart.com und welche Ma\u00dfnahmen wir ergreifen, um diese [&hellip;]","og_url":"https:\/\/copeticket.com\/?page_id=485","og_site_name":"CopeTicket","article_modified_time":"2025-06-25T14:58:18+00:00","twitter_card":"summary_large_image","schema":{"@context":"https:\/\/schema.org","@graph":[{"@type":"WebPage","@id":"https:\/\/copeticket.com\/?page_id=485","url":"https:\/\/copeticket.com\/?page_id=485","name":"Barrierefreiheitserkl\u00e4rung - CopeTicket","isPartOf":{"@id":"https:\/\/copeticket.com\/#website"},"datePublished":"2025-06-25T14:30:10+00:00","dateModified":"2025-06-25T14:58:18+00:00","breadcrumb":{"@id":"https:\/\/copeticket.com\/?page_id=485#breadcrumb"},"inLanguage":"en-US","potentialAction":[{"@type":"ReadAction","target":["https:\/\/copeticket.com\/?page_id=485"]}]},{"@type":"BreadcrumbList","@id":"https:\/\/copeticket.com\/?page_id=485#breadcrumb","itemListElement":[{"@type":"ListItem","position":1,"name":"Home","item":"https:\/\/copeticket.com\/"},{"@type":"ListItem","position":2,"name":"Barrierefreiheitserkl\u00e4rung"}]},{"@type":"WebSite","@id":"https:\/\/copeticket.com\/#website","url":"https:\/\/copeticket.com\/","name":"CopeTicket","description":"","potentialAction":[{"@type":"SearchAction","target":{"@type":"EntryPoint","urlTemplate":"https:\/\/copeticket.com\/?s={search_term_string}"},"query-input":{"@type":"PropertyValueSpecification","valueRequired":true,"valueName":"search_term_string"}}],"inLanguage":"en-US"}]}},"_links":{"self":[{"href":"https:\/\/copeticket.com\/index.php?rest_route=\/wp\/v2\/pages\/485","targetHints":{"allow":["GET"]}}],"collection":[{"href":"https:\/\/copeticket.com\/index.php?rest_route=\/wp\/v2\/pages"}],"about":[{"href":"https:\/\/copeticket.com\/index.php?rest_route=\/wp\/v2\/types\/page"}],"author":[{"embeddable":true,"href":"https:\/\/copeticket.com\/index.php?rest_route=\/wp\/v2\/users\/1"}],"replies":[{"embeddable":true,"href":"https:\/\/copeticket.com\/index.php?rest_route=%2Fwp%2Fv2%2Fcomments&post=485"}],"version-history":[{"count":6,"href":"https:\/\/copeticket.com\/index.php?rest_route=\/wp\/v2\/pages\/485\/revisions"}],"predecessor-version":[{"id":504,"href":"https:\/\/copeticket.com\/index.php?rest_route=\/wp\/v2\/pages\/485\/revisions\/504"}],"wp:attachment":[{"href":"https:\/\/copeticket.com\/index.php?rest_route=%2Fwp%2Fv2%2Fmedia&parent=485"}],"curies":[{"name":"wp","href":"https:\/\/api.w.org\/{rel}","templated":true}]}}